t o = n + y. Is o a composite number?
True
Suppose -2*k + b + 357774 = 0, b = -2*k + 204900 + 152870. Is k a composite number?
True
Suppose 12*x = 16*x - 4*c - 52, 5*x - 64 = 4*c. Suppose 6861 = x*n - 135. Is n composite?
True
Let r(j) = -10*j - 67. Let n be r(-7). Is 5 + -6*(-1497)/n prime?
True
Let m(p) = -103*p + 17. Let b(h) be the second derivative of 17*h**3/2 - 4*h**2 + 2*h. Let i(g) = -11*b(g) - 6*m(g). Is i(3) prime?
True
Let r(d) be the first derivative of 3*d**2/2 + 3*d + 15. Let w be r(-1). Suppose w*n + 1614 = 6*n. Is n a composite number?
False
Let q be 40/(-6)*(10 - 16). Suppose -88*g = -q*g - 352752. Is g prime?
True
Let b be 4 - (-2 - (-4 - -3)). Suppose -4*y - b = p, -5*p + 4 = y - 3*p. Is (1/(y/2))/((-4)/6404) prime?
True
Suppose 0 = 2*j - 0*j - 90. Let w be (-8)/(-3)*j/20. Is 4/w*(-4239)/(-18) prime?
True
Suppose -609*s - 104692 - 75099 = -632*s. Is s a composite number?
False
Let x = 83 + -98. Is x/(-6)*(-5048)/(-20) composite?
False
Let m = 221263 + -149792. Is m a prime number?
True
Let c = 522 - 458. Is (-2)/((c/(-17512))/4) a prime number?
False
Let v = 38 - 23. Suppose v - 3 = f - 4*d, 2*d + 20 = 4*f. Suppose -f*n = -452 - 296. Is n composite?
True
Suppose w = -2*j + 314032 - 94805, 4*j - 438400 = 4*w. Is j a composite number?
False
Let h = 2708060 + -1529763. Is h composite?
False
Let g be -9*14/(-63) + -6. Let k(c) = 296*c**2 - 19*c + 5. Is k(g) composite?
False
Suppose 3*g - 232655 = 1578079. Is g prime?
False
Is -10*116398/(-24) - (1 + 3)/24 a prime number?
False
Let d = 6119 - 2646. Is d composite?
True
Let h = -91070 + 139507. Is h composite?
False
Is 76082 + -1 - 11/66*12 a composite number?
False
Let s(w) = -w**2 + 17*w + 2. Let p be s(17). Suppose -p*a = 5*r + 842, -5*a + r = -a + 1684. Let d = a + 908. Is d a composite number?
False
Let g(o) = o - 3. Let v be g(-2). Is v*-6434*(-4)/(-8) a composite number?
True
Let j be 7559*(4 - 3)*(-1)/(-1). Suppose -2*w = -b - 15128, -w + 15*b = 17*b - j. Is w a prime number?
False
Suppose 0*u = 4*u - 36. Is (-193216)/(-16) - (2 + u/3) prime?
True
Let j = 306 - 181. Let t = j - -40. Suppose 0*p + 4*p - t = -q, 0 = -4*p + 8. Is q a prime number?
True
Suppose -109*j = 64*j + 8*j - 13374271. Is j a prime number?
False
Is -3 + 10 - (771*278)/(-3) a prime number?
True
Suppose 3*n + 110046 = -5*n + 11*n. Is n a prime number?
False
Let o = 38 + -34. Suppose 0*l - 4*n = 3*l - 88, -o*n - 80 = -4*l. Is (184/l)/(2/258) - -2 a composite number?
False
Let k(a) be the second derivative of a**5/20 + 11*a**4/6 + 26*a**3/3 - 14*a**2 + 17*a. Is k(-15) a composite number?
True
Let b(w) = 38801*w - 2590. Let f(t) = 2425*t - 162. Let s(d) = -4*b(d) + 63*f(d). Is s(-15) a composite number?
True
Let m(q) = 5*q**2 + 39*q + 58. Let t be m(-6). Suppose 0 = 5*a - 3*o - 22 + 154, 3*a + 3*o + 60 = 0. Is 1*(-1)/t + (-28494)/a prime?
True
Let m be 48 - (0 - (1 - -2)). Let q be 6/m - (-224)/119. Suppose v = -5*p + 65, -195 = -3*v - 5*p + q*p. Is v a composite number?
True
Let y = 93 + -91. Suppose -o = -v + 3271, y*v - v - 3271 = 3*o. Is v composite?
False
Suppose 2*q = -3*k + 176354, 22*q + 2*k = 27*q - 440847. Is q a composite number?
True
Let a = -30 - -26. Let u be 72 + -2 + a - -4. Let n = u + -33. Is n composite?
False
Suppose 131945 = 37*z - 26*z. Is z + 1 - (39 - 36) a composite number?
True
Let w = 30324 + 2399. Is w prime?
False
Suppose -16*k + 14*k + 8 = 0. Let i be 1*-160 + (-3 - -7 - k). Let a = 275 + i. Is a prime?
False
Let j(s) be the first derivative of s**4/4 - 28*s**3/3 + 16*s**2 - 46*s - 4. Suppose 16*m - 477 = -45. Is j(m) composite?
False
Suppose -5*r + 208589 = -2*t, -11*t + 8*t = 3*r - 125166. Is r a prime number?
True
Is (90/(-36))/((-30)/251508) a prime number?
True
Suppose -586064 = -16*q + 8*q. Is q composite?
True
Suppose -20*x = -17*x - 3, -2*x = -2*l + 724060. Is l a composite number?
True
Suppose -4*f = 3*t - 94395, 0 = 22*t - 19*t - f - 94410. Is t a composite number?
False
Suppose -2*j + 3*x = j - 18, 5*x = -2*j + 12. Suppose j*h = 207 - 81. Let p(y) = -y**3 + 21*y**2 + 20*y + 31. Is p(h) prime?
False
Suppose 5*v = 3*f + 3*v - 109, -f + 48 = -3*v. Let w = -27 - -49. Is f/w*(-2020)/(-6) composite?
True
Suppose 30*i = -i + 688713 - 73270. Is i a prime number?
True
Let k be (-19856)/32 - 2/(-4). Let d = 2223 - 1074. Let q = d + k. Is q a composite number?
True
Let p be -5 + (153222/4)/((-3)/(-6)). Suppose -36*c - 15658 = -p. Is c a composite number?
False
Is -1105045*(-17 + (-1260)/(-75)) composite?
True
Let j be (35/3 - 0) + (-2)/(-6). Suppose -j*g = 4*g - 314576. Is g a composite number?
False
Suppose -43*c + 20817734 = -6262763. Is c prime?
True
Suppose -104 = -14*o + 6*o. Suppose o*t - 133123 - 309280 = 0. Is t a prime number?
True
Let t be 28 - 24 - (2 - 0). Suppose 5*x - 5270 = g, x - t*g + 2120 = 3*x. Is x a prime number?
False
Let r(w) = 43*w + 76. Let v(i) = -14*i - 25. Let c(x) = 4*r(x) + 11*v(x). Is c(9) a composite number?
False
Let c(d) be the second derivative of 0 + 7/2*d**2 + 1/2*d**4 - 5/3*d**3 + 17*d. Is c(-10) a prime number?
False
Suppose 2*d - 140 = 16. Suppose -5*n + 9*c - 4*c = -230, 0 = -5*n + 2*c + 224. Let z = d - n. Is z a prime number?
False
Is ((-904182)/(-9)*1)/((-32)/(-48)) composite?
False
Suppose -10163 = 8*k - 1459. Let s = 10375 + k. Is s composite?
True
Let g be (4/16)/((-3)/(-12))*9. Suppose 182 = 2*o - r, g*o = 5*o + 3*r + 368. Is o a composite number?
False
Let p(h) = 5850*h**2 - 10*h - 3. Is p(-2) a prime number?
True
Let f = 309490 + -163016. Is f a prime number?
False
Suppose -4*v = -3*c - 382301, 0 = -3*v + 6*v + 3*c - 286710. Is v a composite number?
True
Is 76282/6 - (24/63)/(84/147) prime?
True
Let t = 543 - 382. Suppose -j + t = -486. Is j composite?
False
Let a = -53986 + 31616. Is (a/10)/((-2)/(1 + 1)) a composite number?
False
Is (-281114975)/(-285) - (2/(-6))/(3/6) a composite number?
False
Let f = 1851 - 1236. Suppose 453 = 3*y + 2*g, 4*y + g - f = 2*g. Suppose -3*a + 822 - y = 0. Is a composite?
False
Let t = 187272 + -80449. Is t composite?
False
Let a = -34281 + 22664. Let i be ((-2)/(-5))/(2/(-10)). Is i/(-9) - a/9 composite?
False
Let x(a) = -2*a**3 - 8*a**2 + 8*a + 31. Let p be x(-11). Let g = 2998 - p. Is g composite?
False
Let x = -60130 + 98669. Is x a prime number?
False
Let n(a) = 1894*a**3 + 8*a**2 - a + 6. Let v(j) = 3787*j**3 + 17*j**2 - 2*j + 13. Let w = 87 - 93. Let o(h) = w*v(h) + 13*n(h). Is o(1) prime?
True
Let t be 0 + 466 - (-3)/(-6 - -9). Suppose 0 = 5*k + 4*p - t, 3*p - 39 = 3*k - 330. Is k a prime number?
False
Let f = 528405 - -828284. Is f prime?
True
Let c(a) = 9*a - 621*a**2 + 1609*a**2 - 8*a. Let v be c(1). Suppose 5*h - 126 = v. Is h a prime number?
True
Let q(g) = -1160*g + 5. Let d be (-98)/(-10) - (-11)/55. Suppose 4*r - 4*v - d - 6 = 0, -v = -5*r. Is q(r) prime?
False
Let t(a) = -38674*a - 2273. Is t(-15) composite?
True
Suppose -3*h - 19358 + 62910 = -k, -5*k = 3*h - 43582. Is h prime?
True
Let g = -83 + 86. Suppose -5*d - i + g*i + 12444 = 0, 4*i = 5*d - 12448. Suppose 5*z + 3*j - 6270 = -2*j, -2*j = -2*z + d. Is z composite?
False
Suppose -40379 = 7*m - 5*m + 5*k, -4*m - 5*k = 80743. Let a = m + 32099. Is a a composite number?
True
Is (-308532)/(-8 + -6) - (-2 + -5) prime?
False
Let s be 11/((-3)/12*-1). Suppose 0 = -z + h + 39, 9*z = 8*z - 4*h + s. Let p = 99 + z. Is p composite?
False
Suppose -5*c + 35 = 25. Suppose -c*m = -195 - 703. Is m composite?
False
Suppose -172*k - 57008 = -174*k - 2*m, -3*k + 85500 = -m. Is k a composite number?
True
Let v = 26990 + 18063. Is v prime?
True
Is (-1883703)/(-3) + (-53)/((-1060)/(-80)) prime?
False
Suppose 158*b + 1349801 = 5*p + 156*b, p = 5*b + 269974. Is p composite?
True
Suppose 16*h - 11*h = -98265. Let j be (h/(-6) - 0)*2. Suppose j = 5*c - 354. Is c a prime number?
True
Let d be 25/(5/(-1)) + 7. Suppose g = -5*l + 6680, 2689 = 2*l + d*g - 5*g. Is l prime?
False
Let j be ((-12)/(-2))/3 + 18. Suppose -26*n + 22*n - j = 0. Is (n + 9/4)/((-2)/1384) a prime number?
False
Suppose -3*m - 16748564 = -5*l, 7*l = 12*l + 4*m - 16748613. Is l a prime number?
False
Let u be ((-14)/(-2) + -7)*-1. Suppose -5*x + 15560 + 11205 = u. Is x prime?
False
Let m(o) = 438593*o + 531. Is m(2) prime?
False
Let y(t) = -1809*t - 46. Let a(c) = -1. Let f(w) = -3